site?
True
Let o(p) = p**2 - 6*p. Let g be o(6). Suppose 7*z - 2*z + 20 = g, 220 = -4*l - z. Is (1 - l)*(-6)/(-6) prime?
False
Let l(f) = -25*f**3 - 4*f**2 - 2*f. Let x be l(-2). Suppose -2*m + 92 = -x. Suppose -2*h + m = 2*h. Is h a composite number?
True
Let h = 13 - 9. Let q = h + -1. Is q a prime number?
True
Is (39/2)/(15/20) prime?
False
Let i(w) = -w**3 + 6*w**2 + 5*w + 4. Let v be i(-5). Suppose h - v = -h. Is h composite?
False
Let d(t) be the third derivative of -t**7/315 + t**6/240 - t**5/60 + 3*t**2. Let m(g) be the third derivative of d(g). Is m(-4) a composite number?
False
Let y(h) = -886*h + 1. Is y(-1) a prime number?
True
Let l = -1202 - -1723. Is l composite?
False
Let l(t) = -75*t + 2. Is l(-1) a prime number?
False
Suppose 0 = -4*v + 1273 - 257. Is v prime?
False
Let y(u) = -15*u - 44. Is y(-21) a prime number?
True
Let z(q) = -13*q + 0*q + 2 - 14*q. Suppose 0 = d + l + 4, 5*d + 7 + 12 = -4*l. Is z(d) a prime number?
True
Let h(t) = -t**3 - 9*t**2 + 3*t - 17. Is h(-12) composite?
False
Suppose 5*c = -0*q + 4*q + 7071, 5*q = -3*c + 4250. Is c a composite number?
True
Suppose -5*w + 5*l = -15, -6 = 3*w - 2*w - 4*l. Let u be -7 - 0 - (1 - 2). Is 148/w*u/(-4) prime?
True
Let x(t) = -t**2 - 9*t + 12. Let d be x(-9). Is (d/2 - 3) + 68 composite?
False
Let s(p) = -p**3 - 4*p**2 + 8*p + 6. Let i be s(-6). Suppose 5*h - i = -3*w + 4*h, 40 = 4*w + 3*h. Suppose -3 = b - w. Is b a prime number?
True
Is (8590/25)/((-4)/(-10)) a prime number?
True
Is (-1)/(-4 + 1)*993 a composite number?
False
Let n = 4 - 0. Suppose 4*w + n*i - 228 = 0, -2*w - 3*w + 5*i + 305 = 0. Is w a composite number?
False
Suppose 0 = -4*s + s + 819. Suppose -h = -4*h + s. Is h composite?
True
Let o be (-2)/5 - (-102)/30. Let x = 3 + o. Suppose 2*b + 2 = 0, 3*k + 2*b - x*b = 163. Is k prime?
True
Let j(q) = 67*q**2 - 2. Is j(-5) a prime number?
False
Suppose -4*z + 5*z + 1931 = -b, 5*b + 9661 = z. Is 1/4 + b/(-16) a composite number?
True
Let y be 176/6*(-9)/(-6). Let j = 45 + y. Is j a composite number?
False
Let i = 1 + 3. Suppose 38 + 38 = i*y. Is y prime?
True
Let t be -2 + 0/(-2) + 89. Suppose 5*d + 17 = t. Suppose -34 = -5*r + 4*k, 52 = 5*r + 4*k - d. Is r a prime number?
False
Let z(l) = -26*l. Let y be z(-13). Let d = 551 - y. Is d prime?
False
Let p(j) = -249*j - 1. Let q be p(1). Let d = q + 136. Let n = -67 - d. Is n a composite number?
False
Let t = 416 - 250. Is t composite?
True
Let q = -2579 - -3964. Is q a composite number?
True
Suppose -35 = -0*a - 5*a. Suppose q + 220 = 2*u, 2*u + 4*q = a*u - 547. Is u a composite number?
True
Let r = -795 + 3606. Is r a composite number?
True
Suppose 4*s - 4*h - 400 = 0, -4*s = h - 0*h - 375. Is s a prime number?
False
Let h(n) be the first derivative of -59*n**4/4 - n**3/3 - n**2 - n + 5. Is h(-1) a prime number?
True
Let n = 14 + -14. Suppose -4*w + 0*w + 1348 = n. Is w composite?
False
Let t = 52 - 2. Suppose l + 2*l - 30 = 3*d, 5*d = -l - t. Let c = d + 19. Is c prime?
False
Let c(b) = -3*b**3 + 4*b**2 - 8*b + 11. Is c(-10) a prime number?
True
Suppose -5*t + 79 = -2*f + 540, -2*t = 5*f - 1167. Is f prime?
True
Let j(x) = x**3 - 2*x**2 + 4*x - 2. Let i(b) = -b + 3. Let c be i(0). Is j(c) a composite number?
False
Suppose 1867 = -2*a - 1217. Is ((-6)/(-9))/((-4)/a) a composite number?
False
Let s(g) = -g**2 - 2*g + 8. Let i(a) = -3*a**2 - 4*a + 15. Let p(x) = -3*i(x) + 5*s(x). Is p(-6) composite?
False
Let o(w) = 6*w**2 - 3*w - 1. Let l be o(-5). Let h = l - 18. Is h composite?
True
Let f(j) = -51*j - 5. Is f(-4) a composite number?
False
Let j be ((-738)/(-8))/((-5)/(-80)). Suppose 0 = -4*x + j + 16. Is x prime?
True
Suppose -2*m - 2*m - 8 = 0. Is (-92)/(m*(-2 - -3)) prime?
False
Let t(y) = y**2 - 3*y - 9. Let i = 1 + 6. Is t(i) prime?
True
Let o = -11 + 94. Is o a composite number?
False
Suppose 3*d + 4*y - 120 - 41 = 0, 0 = d - 3*y - 71. Is d prime?
True
Let t = -25 - -4. Is (-2)/3 + (-140)/t prime?
False
Suppose -6*n + 270 - 66 = 0. Is n composite?
True
Let m(v) = -7*v - 3 - 20*v - 21*v. Is m(-2) a prime number?
False
Let x(w) = -2*w**3 + w**2 - 12*w - 14. Is x(-5) composite?
True
Let x(v) = 5*v**2 + 2*v + 2. Let d be x(5). Let q = d + -90. Is q composite?
False
Let n(v) = -108*v**3 - 5*v**2 + 5*v + 5. Let g(o) = -o**3 - o**2 + o + 1. Let p(w) = 5*g(w) - n(w). Is p(1) a composite number?
False
Let t(y) = 92*y + 5. Is t(7) prime?
False
Suppose -3*d + 264 + 1075 = -2*y, 442 = d - 5*y. Is d a prime number?
False
Suppose 2*s - s = 55. Is s - 6/9*3 a prime number?
True
Let o = 28 + -52. Let u = 34 - o. Is u composite?
True
Let x(h) = -h - 3. Let w(y) = -4*y - 15. Let f(d) = 2*w(d) - 11*x(d). Let z be f(-2). Is -1 + (0 - -89) + z a composite number?
True
Suppose -3*h - 2*n + 2519 = -0*n, -3*n = -3. Is h composite?
False
Suppose -2*l + 0*l = -68. Is l a composite number?
True
Suppose -5*h = 3*i - 3 - 30, 44 = 2*i - 4*h. Suppose 2*g = -0*g + i. Suppose -g*x + 3*x = -725. Is x a composite number?
True
Let v = -1 - -1. Suppose 3*b - 199 = -4*m, b + v*b - 4*m = 77. Is b composite?
True
Is 397/(-2*((-4)/(-8) + -1)) a prime number?
True
Is -97*-14*4/8 composite?
True
Let i = 260 + -69. Is i composite?
False
Let r(c) = 10*c**2 - c + 2. Let j = -6 - -9. Let f be r(j). Suppose -f = -2*u + 17. Is u composite?
False
Suppose s - 102 - 274 = 3*a, 3*s = -a + 1158. Let f = s - 148. Let l = f + -168. Is l a composite number?
True
Let z(l) = l**3 - 5*l**2. Let g be z(5). Suppose g = 4*r - 0*r - 8. Suppose -118 = -r*b + 24. Is b a composite number?
False
Let b be (2/6)/(2/6). Let q(w) = 68*w**3 + 1. Is q(b) a prime number?
False
Let u = 4 - 12. Let m(q) = 0*q + 0*q + 9 - q - 2*q. Is m(u) a composite number?
True
Let y = 104 - -1653. Is y composite?
True
Suppose -u - u = -3*l + 5, -3*l - 10 = -5*u. Suppose -l*t + 2746 = -799. Is t prime?
True
Let y(c) = c**2 + 3*c + 829. Is y(0) a composite number?
False
Let a = 249 - 105. Suppose 0 = -4*j + a + 724. Is j a composite number?
True
Let q(g) = -2*g - 3. Let d be q(-6). Suppose r + 0 = d. Is r a prime number?
False
Suppose -5*p + 0*p + 25 = -5*a, 2*p = 3*a + 11. Suppose -4*j + p*m + 80 = 0, 0 = -2*j - 0*j - m + 37. Is j prime?
True
Let m(o) be the first derivative of -o**4/4 - 7*o**3/3 - 3*o**2 + 5*o - 1. Let l be m(-6). Suppose -3 - 442 = -l*i. Is i prime?
True
Let c be 8/44 - 420/11. Suppose 0 = -4*z + 4*j - 9*j - 238, 3*z + 169 = j. Let x = c - z. Is x a composite number?
False
Suppose 5*h - 4*u + 5 = 0, 2*h + 4*u + 0 + 2 = 0. Let g be (0 + -3)*5/(-1). Is 3/2*(g + h) composite?
True
Let z = -180 + 329. Is z composite?
False
Let h = -3 - -3. Suppose -2*y - 26 = -2*g + y, -2*g + y + 18 = h. Is g a prime number?
True
Is (269/(-2))/(1/(-2)) a composite number?
False
Suppose 0 = 4*r + 2*r - 2454. Is r prime?
True
Suppose -2*w = 4*d - 12 - 0, -4*w + 3*d + 24 = 0. Let h be 1*w - (-6)/(-2). Suppose h*g - 238 + 91 = 0. Is g prime?
False
Let g(o) = 2 + o**2 + 3*o**2 - 3*o**2 - 4*o. Is g(7) composite?
False
Let y = -2 + 7. Suppose -y*v + 0*v - 5*m = -405, 0 = -5*v - 4*m + 409. Is v prime?
False
Let d(r) be the first derivative of 2*r**4 - 5*r**3/3 + 5*r**2/2 - 2. Let h(j) = -9*j**3 + 6*j**2 - 6*j. Let g(o) = -7*d(o) - 6*h(o). Is g(-2) a prime number?
False
Let a(f) = -13*f**2 - f - 1. Let j = 1 + 2. Let q be a(j). Let g = -86 - q. Is g a prime number?
False
Let r(g) = -27*g - 3. Let u be r(-4). Suppose 2*i + u = 7*i. Is i a prime number?
False
Let g(w) = w**3 - 8*w**2 + 8*w - 4. Let d be g(7). Suppose -d*f + i = -662, 3*i = 2*f - 0*f - 439. Is f a composite number?
True
Suppose 6*u + 3*w + 507 = 3*u, 0 = 5*w + 20. Let c = -52 - u. Is c prime?
True
Suppose 0 = -4*j + 5629 - 617. Is j a prime number?
False
Let y be -2 - (7 - -2)/(-3). Let r be ((0 - 1) + 19)/y. Let p = r - -3. Is p composite?
True
Let k be (22 - 0)*(-6)/4. Let s be (-2)/(-2 + k/(-15)). Is 4/s + 194/10 a composite number?
False
Let v = 17 + -19. Is (-2464)/(-80)*(-5)/v prime?
False
Let f(y) = -y - 11. Let v be f(-11). Suppose -3 = 3*w + 3*q, 5*w = -v*w + 3*q + 35. Suppose -4*n - 100 = -3*d + 57, 0 = -2*d + w*n + 110. Is d a prime number?
True
Suppose 0 = z - 4. Suppose -z*i + i + 645 = 0. Suppose 5*c + 42 = s, 4*s - i - 21 = 3*c. Is s prime?
False
Let l(r) = -r. Let n be l(-3). Suppose 2*j = 5*q - 4*q - 119, -j + 385 = n*q. 